{"id":17,"date":"2023-02-08T23:08:11","date_gmt":"2023-02-08T23:08:11","guid":{"rendered":"http:\/\/wptest.shems.org\/?page_id=17"},"modified":"2023-11-23T23:09:09","modified_gmt":"2023-11-23T23:09:09","slug":"wer-sind-wir","status":"publish","type":"page","link":"https:\/\/shems.org\/index.php\/wer-sind-wir\/","title":{"rendered":"Wer sind wir"},"content":{"rendered":"\n<p><br>SHEMS e.V. ist ein europaweit vertretener muslimischer Sozialverband mit \u00fcberwiegend einheimischen Mitgliedern.<\/p>\n\n\n\n<p>Unser Weg ist der Pfad der Sufis. Sufis sind islamische Mystiker, deren h\u00f6chstes Lebensziel darin besteht, das Wohlgefallen Gottes zu erlangen. Dies entspricht ganz dem prophetischen Ausspruch:<\/p>\n\n\n\n<p><\/p>\n\n\n\n<blockquote class=\"wp-block-quote\">\n<p>\u201eJene Menschen sind Gott am liebsten, die der Menschheit den gr\u00f6\u00dften Nutzen bringen.\u201c<\/p>\n<\/blockquote>\n\n\n\n<p>Dieser Ausspruch ist f\u00fcr uns Motto und Anreiz zugleich. Wir haben es uns zur Aufgabe gemacht uns f\u00fcr unsere Mitmenschen und die Gesellschaft, in der wir leben, einzusetzen. Wir engagieren uns ehrenamtlich im sozialen Bereich und bieten unsere Dienste an, um die Menschen zu schulen und die Bed\u00fcrftigen und Schwachen in der Gemeinschaft zu unterst\u00fctzen.<\/p>\n\n\n\n<p>Ein wichtiger Teil unserer Arbeit, ist die Betreuung einheimischer Muslime. Ihre Zahl ist in den letzten Jahren deutlich gewachsen ist und unter ihnen sind es insbesondere die Konvertiten, die besondere Aufmerksamkeit ben\u00f6tigen. Sie stehen am Beginn eines neuen Lebensabschnitts und suchen nach Quellen und Wegweisern, die ihnen ihre Religion erkl\u00e4ren und sie helfend begleiten. Es ist besonders wichtig, dass man diesen Menschen ein gesundes Religionsverst\u00e4ndnis vermittelt, damit sie nicht in die F\u00e4nge radikaler Gruppierungen geraten.<br>Wir haben es uns zur Aufgabe gemacht, diesen Menschen Halt zu geben. Wir m\u00f6chten ihnen eine St\u00e4tte bieten, wo sie zusammenkommen, die Feinheiten ihres neuen Glaubens lernen und in ihrer Sprache an einem Gemeindeleben teilnehmen k\u00f6nnen.<br>Dar\u00fcber hinaus sieht sich Shems &#8211; seinem Motto entsprechend &#8211; f\u00fcr die Gemeinschaft, in der seine Mitglieder leben verantwortlich. In diesem Sinne haben wir es uns zur Aufgabe gemacht uns f\u00fcr unsere unsere Mitmenschen und die Gesellschaft, in der wir leben, einzusetzen. Wir engagieren uns ehrenamtlich im sozialen Bereich und bieten unsere Dienste an, um die Menschen zu schulen und die Bed\u00fcrftigen und Schwachen in der Gemeinschaft zu unterst\u00fctzen.<\/p>\n\n\n\n<p>Wir k\u00fcmmern uns aktiv um die kranken und hilfsbed\u00fcrftigen Menschen in unserer Gemeinschaft. Wir f\u00fchren Krankenbesuche durch und verbringen Zeit mit den Kranken. Wir motivieren sie, leisten ihnen Gesellschaft, h\u00f6ren ihnen zu und spenden ihnen Trost.<\/p>\n\n\n\n<p>Und wir sind bei denen, denen nicht mehr viel Zeit in dieser Welt bleibt. Unsere Sterbebegleiter stehen den Sterbenden in ihrer schwersten Stunde zur Seite und lassen sie nicht allein. Sie lassen ihnen die n\u00f6tige F\u00fcrsorge zukommen und helfen ihnen dabei, sich friedlich vom Leben zu verabschieden.<\/p>\n\n\n\n<p>Im Bereich der Kriminalpr\u00e4vention kl\u00e4ren wir Eltern und Jugendliche \u00fcber die Gefahren von Gewalt, Alkohol, Drogen und Gl\u00fccksspiel auf und veranstalten hierf\u00fcr Seminare, in denen Fachleute wie Polizisten, Strafgefangenenbetreuer und Sozialarbeiter den Jugendlichen die Gefahren und Folgen des Missbrauchs aufzeigen.<\/p>\n\n\n\n<p>Unser Glaube an das Gute im Menschen motiviert uns niemals die Hoffnung zu verlieren. Wir glauben daran, dass jeder Fehler machen kann, aber dass es um so wichtiger ist, zu bereuen und mit einem Neubeginn seine vergangenen Fehler wieder gut zu machen. In diesem Sinne k\u00fcmmern wir uns auch um jene, die straff\u00e4llig geworden sind und eine Haftstrafe absitzen m\u00fcssen. In der Gefangenenseelsorge k\u00fcmmern sich unsere Betreuer um die H\u00e4ftlinge und zeigen ihnen in Einzel und Gruppengespr\u00e4chen neue Perspektiven auf und bereiten sie auf die Zeit nach ihrer Haftentlassung vor.<\/p>\n\n\n\n<p>An der Gesellschaft teilhaben, ihr und den Menschen, die in ihr leben zu nutzen und ihnen nicht zu schaden ist eines der Grundprinzipien der islamischen Religion. Dieses vergessene Prinzip wollen wir wiedererwecken und insbesondere den jungen Muslimen vermitteln, dass sie eine Verantwortung gegen\u00fcber ihren Mitmenschen haben. Hierf\u00fcr veranstalten wir Seminare und Fachtagungen in denen wir \u00fcber radikale Str\u00f6mungen aufkl\u00e4ren und durch das richtige Verst\u00e4ndnis des Islam ein gesundes Grundverst\u00e4ndnis von Religion&nbsp;lehren.<\/p>\n","protected":false},"excerpt":{"rendered":"<p>SHEMS e.V. ist ein europaweit vertretener muslimischer Sozialverband mit \u00fcberwiegend einheimischen Mitgliedern. Unser Weg ist der Pfad der Sufis. Sufis sind islamische Mystiker, deren h\u00f6chstes Lebensziel darin besteht, das Wohlgefallen Gottes zu erlangen. Dies entspricht ganz dem prophetischen Ausspruch: \u201eJene Menschen sind Gott am liebsten, die der Menschheit den gr\u00f6\u00dften Nutzen bringen.\u201c Dieser Ausspruch ist &hellip;<\/p>\n","protected":false},"author":4,"featured_media":116,"parent":0,"menu_order":0,"comment_status":"closed","ping_status":"closed","template":"","meta":[],"_links":{"self":[{"href":"https:\/\/shems.org\/index.php\/wp-json\/wp\/v2\/pages\/17"}],"collection":[{"href":"https:\/\/shems.org\/index.php\/wp-json\/wp\/v2\/pages"}],"about":[{"href":"https:\/\/shems.org\/index.php\/wp-json\/wp\/v2\/types\/page"}],"author":[{"embeddable":true,"href":"https:\/\/shems.org\/index.php\/wp-json\/wp\/v2\/users\/4"}],"replies":[{"embeddable":true,"href":"https:\/\/shems.org\/index.php\/wp-json\/wp\/v2\/comments?post=17"}],"version-history":[{"count":5,"href":"https:\/\/shems.org\/index.php\/wp-json\/wp\/v2\/pages\/17\/revisions"}],"predecessor-version":[{"id":50,"href":"https:\/\/shems.org\/index.php\/wp-json\/wp\/v2\/pages\/17\/revisions\/50"}],"wp:featuredmedia":[{"embeddable":true,"href":"https:\/\/shems.org\/index.php\/wp-json\/wp\/v2\/media\/116"}],"wp:attachment":[{"href":"https:\/\/shems.org\/index.php\/wp-json\/wp\/v2\/media?parent=17"}],"curies":[{"name":"wp","href":"https:\/\/api.w.org\/{rel}","templated":true}]}}